{"id":126,"date":"2016-02-03T13:58:00","date_gmt":"2016-02-03T11:58:00","guid":{"rendered":"http:\/\/kartekaksesuar.com\/?page_id=126"},"modified":"2016-02-05T20:40:42","modified_gmt":"2016-02-05T18:40:42","slug":"sineklik-malzemeleri","status":"publish","type":"page","link":"https:\/\/kartekaksesuar.com\/index.php\/sineklik-malzemeleri","title":{"rendered":"S\u0130NEKL\u0130K MALZEMELER\u0130"},"content":{"rendered":"<h3 style=\"text-align: center;\">Sineklik Malzemeleri<\/h3>\n<p><img loading=\"lazy\" decoding=\"async\" class=\"aligncenter size-full wp-image-127\" src=\"http:\/\/kartekaksesuar.com\/wp-content\/uploads\/2016\/02\/sinek.jpg\" alt=\"sinek\" width=\"600\" height=\"594\" srcset=\"https:\/\/kartekaksesuar.com\/wp-content\/uploads\/2016\/02\/sinek.jpg 600w, https:\/\/kartekaksesuar.com\/wp-content\/uploads\/2016\/02\/sinek-150x150.jpg 150w, https:\/\/kartekaksesuar.com\/wp-content\/uploads\/2016\/02\/sinek-300x297.jpg 300w, https:\/\/kartekaksesuar.com\/wp-content\/uploads\/2016\/02\/sinek-200x198.jpg 200w\" sizes=\"auto, (max-width: 600px) 100vw, 600px\" \/><\/p>\n<p><img loading=\"lazy\" decoding=\"async\" src=\"http:\/\/kartekaksesuar.com\/wp-content\/uploads\/2016\/02\/sineklik2.png\" alt=\"sineklik2\" width=\"600\" height=\"300\" class=\"aligncenter size-full wp-image-272\" srcset=\"https:\/\/kartekaksesuar.com\/wp-content\/uploads\/2016\/02\/sineklik2.png 600w, https:\/\/kartekaksesuar.com\/wp-content\/uploads\/2016\/02\/sineklik2-300x150.png 300w, https:\/\/kartekaksesuar.com\/wp-content\/uploads\/2016\/02\/sineklik2-200x100.png 200w\" sizes=\"auto, (max-width: 600px) 100vw, 600px\" \/><\/p>\n","protected":false},"excerpt":{"rendered":"<p>Sineklik Malzemeleri<\/p>\n","protected":false},"author":1,"featured_media":0,"parent":0,"menu_order":0,"comment_status":"closed","ping_status":"closed","template":"urunler.php","meta":{"footnotes":""},"class_list":["post-126","page","type-page","status-publish","hentry"],"_links":{"self":[{"href":"https:\/\/kartekaksesuar.com\/index.php\/wp-json\/wp\/v2\/pages\/126","targetHints":{"allow":["GET"]}}],"collection":[{"href":"https:\/\/kartekaksesuar.com\/index.php\/wp-json\/wp\/v2\/pages"}],"about":[{"href":"https:\/\/kartekaksesuar.com\/index.php\/wp-json\/wp\/v2\/types\/page"}],"author":[{"embeddable":true,"href":"https:\/\/kartekaksesuar.com\/index.php\/wp-json\/wp\/v2\/users\/1"}],"replies":[{"embeddable":true,"href":"https:\/\/kartekaksesuar.com\/index.php\/wp-json\/wp\/v2\/comments?post=126"}],"version-history":[{"count":2,"href":"https:\/\/kartekaksesuar.com\/index.php\/wp-json\/wp\/v2\/pages\/126\/revisions"}],"predecessor-version":[{"id":273,"href":"https:\/\/kartekaksesuar.com\/index.php\/wp-json\/wp\/v2\/pages\/126\/revisions\/273"}],"wp:attachment":[{"href":"https:\/\/kartekaksesuar.com\/index.php\/wp-json\/wp\/v2\/media?parent=126"}],"curies":[{"name":"wp","href":"https:\/\/api.w.org\/{rel}","templated":true}]}}