{"id":218,"date":"2016-02-04T18:43:20","date_gmt":"2016-02-04T16:43:20","guid":{"rendered":"http:\/\/kartekaksesuar.com\/?page_id=218"},"modified":"2016-02-19T23:36:39","modified_gmt":"2016-02-19T21:36:39","slug":"urunlerimiz","status":"publish","type":"page","link":"https:\/\/kartekaksesuar.com\/index.php\/urunlerimiz","title":{"rendered":"\u00dcR\u00dcNLER\u0130M\u0130Z"},"content":{"rendered":"<p><!DOCTYPE html><br \/>\n<html><br \/>\n<head><br \/>\n<meta name=\"viewport\" content=\"width=device-width\"><\/p>\n<link href=\"http:\/\/fonts.googleapis.com\/css?family=Source+Sans+Pro:200,400,900\" rel=\"stylesheet\" type=\"text\/css\">\n<link href=\"http:\/\/fonts.googleapis.com\/css?family=Roboto+Condensed:300,400,700\" rel=\"stylesheet\" type=\"text\/css\">\n<style type=\"text\/css\">\n* {\n\tmargin: 0;\n\tpadding: 0;\n}\nbody {<\/p>\n<p>\tfont-family: 'Helvetica Neue', arial, sans-serif;\n\tfont-weight: 200;\n}<\/p>\n<p>h1 {\n\tfont-family: 'font-family: 'Source Sans Pro', sans-serif;', sans-serif;\n\tfont-size: 4em;\n\tfont-weight: 400;\n\tletter-spacing: -3px;\n\tmargin: 0 0 20px;\n\ttext-align: center;\n\ttext-shadow: 1px 1px 0 #fff, 2px 2px 0 #bbb;\n}\nhr {\n\tborder-top: 1px solid #ccc;\n\tborder-bottom: 1px solid #fff;\n\tmargin: 25px 0;\n\tclear: both;\n}\n.centered {\n\ttext-align: center;\n}\n.wrapper {\n\twidth: 50%;\n\tpadding: 30px 0;\n}\n.container {\n\twidth: 1100px;\n\tmargin: 0 auto;\n}<\/p>\n<p>\/* ---------- Zoom container ---------- *\/\n.image-zoom-container {\n\tlist-style: none;\n\tfont-size: 0px;\n}\n.zoom-container {\n\tposition: relative;\n\toverflow: hidden;\n\tdisplay: inline-block;\n\twidth: 20%; \/* this value + 2 should = 20% *\/\n\tfont-size: 16px;\n\tfont-size: 1rem;\n\tborder: 1px solid #fff;\n\tvertical-align: top;\n\tbox-sizing: border-box;\n\t-moz-box-sizing: border-box;\n\t-webkit-box-sizing: border-box;\n}\n.zoom-container img {\n\tdisplay: block;\n\twidth: 100%;\n\theight: auto;\n\t-webkit-transition: all .5s ease; \/* Safari and Chrome *\/\n    -moz-transition: all .5s ease; \/* Firefox *\/\n    -ms-transition: all .5s ease; \/* IE 9 *\/\n    -o-transition: all .5s ease; \/* Opera *\/\n    transition: all .5s ease;\n}\n.zoom-container .zoom-caption {\n\tposition: absolute;\n\ttop: 0;\n\tright: 0;\n\tbottom: 0;\n\tleft: 0;\n\tz-index: 10;\n\tbackground: rgba(0, 0, 0, .5);\n\t-webkit-transition: all .5s ease; \/* Safari and Chrome *\/\n    -moz-transition: all .5s ease; \/* Firefox *\/\n    -ms-transition: all .5s ease; \/* IE 9 *\/\n    -o-transition: all .5s ease; \/* Opera *\/\n    transition: all .5s ease;\n}\n.zoom-container .zoom-caption h3 {\n\tdisplay: block;\n\ttext-align: center;\n\tfont-family: 'Source Sans Pro', sans-serif;\n\tfont-size: 1.5em;\n\tfont-weight: 900;\n\tletter-spacing: -1px;\n\ttext-transform: uppercase;\n\tcolor: #f7a100;\n\tmargin: 23% 0 0;\n\tpadding: 10px 0;\n\tborder-top: 5px solid rgba(255, 255, 255, .15);\n\tborder-bottom: 5px solid rgba(255, 255, 255, .15);\n}\n.zoom-container:hover img {\n\t-webkit-transform:scale(1.25); \/* Safari and Chrome *\/\n    -moz-transform:scale(1.25); \/* Firefox *\/\n    -ms-transform:scale(1.25); \/* IE 9 *\/\n    -o-transform:scale(1.25); \/* Opera *\/\n     transform:scale(1.25);\n}\n.zoom-container:hover .zoom-caption {\n\tbackground: none;\n}<\/p>\n<p>@media (max-width: 1199px) {\n\t.container {\n\t\twidth: auto;\n\t\tpadding: 0 10px;\n\t}\n}<\/p>\n<p>@media (max-width: 300px) {<\/p>\n<p>\t.zoom-container {\n\t\twidth: 50%;\n\t}<\/p>\n<p>}<\/p>\n<p>@media (max-width: 300px) {<\/p>\n<p>\t.zoom-container {\n\t\twidth: 100%;\n\t}<\/p>\n<p>}\n<\/style>\n<p><\/head><\/p>\n<p><body><\/p>\n<div class=\"wrapper\">\n<div class=\"container\">\n<div class=\"image-zoom-container\">\n<div class=\"zoom-container\">\n\t\t\t\t<a href=\"\/index.php\/vidalar\"><br \/>\n\t\t\t\t\t<span class=\"zoom-caption\"><\/p>\n<h3>V\u0130DALAR<\/h3>\n<p>\t\t\t\t\t<\/span><br \/>\n\t\t\t\t\t<img loading=\"lazy\" decoding=\"async\" src=\"http:\/\/kartekaksesuar.com\/product\/vida.png\" width=\"250\" height=\"300\" border=\"0\" \/><br \/>\n\t\t\t\t<\/a>\n\t\t\t<\/div>\n<div class=\"zoom-container\">\n\t\t\t\t<a href=\"\/index.php\/kollar\"><br \/>\n\t\t\t\t\t<span class=\"zoom-caption\"><\/p>\n<h3>KOLLAR<\/h3>\n<p>\t\t\t\t\t<\/span><br \/>\n\t\t\t\t\t<img loading=\"lazy\" decoding=\"async\" src=\"http:\/\/kartekaksesuar.com\/product\/kol.JPG\" width=\"250\" height=\"300\" border=\"0\" \/><br \/>\n\t\t\t\t<\/a>\n\t\t\t<\/div>\n<div class=\"zoom-container\">\n\t\t\t\t<a href=\"\/index.php\/menteseler\"><br \/>\n\t\t\t\t\t<span class=\"zoom-caption\"><\/p>\n<h3>MENTE\u015eELER<\/h3>\n<p>\t\t\t\t\t<\/span><br \/>\n\t\t\t\t\t<img loading=\"lazy\" decoding=\"async\" src=\"http:\/\/kartekaksesuar.com\/product\/mentese.png\" width=\"250\" height=\"300\" border=\"0\" \/><br \/>\n\t\t\t\t<\/a>\n\t\t\t<\/div>\n<div class=\"zoom-container\">\n\t\t\t\t<a href=\"\/index.php\/ispanyoletler\"><br \/>\n\t\t\t\t\t<span class=\"zoom-caption\"><\/p>\n<h3>\u0130SPANYOLETLER<\/h3>\n<p>\t\t\t\t\t<\/span><br \/>\n\t\t\t\t\t<img loading=\"lazy\" decoding=\"async\" src=\"http:\/\/kartekaksesuar.com\/product\/ispanyolet.png\" width=\"250\" height=\"300\" border=\"0\" \/><br \/>\n\t\t\t\t<\/a>\n\t\t\t<\/div>\n<div class=\"zoom-container\">\n\t\t\t\t<a href=\"\/index.php\/izolasyon-malzemeleri\"><br \/>\n\t\t\t\t\t<span class=\"zoom-caption\"><\/p>\n<h3>\u0130ZOLASYON MALZEMELER\u0130<\/h3>\n<p>\t\t\t\t\t<\/span><br \/>\n\t\t\t\t\t<img loading=\"lazy\" decoding=\"async\" src=\"http:\/\/kartekaksesuar.com\/product\/izolasyon.png\" width=\"250\" height=\"300\" border=\"0\" \/><br \/>\n\t\t\t\t<\/a>\n\t\t\t<\/div>\n<div class=\"zoom-container\">\n\t\t\t\t<a href=\"\/index.php\/lambiri-pervaz-panel\"><br \/>\n\t\t\t\t\t<span class=\"zoom-caption\"><\/p>\n<h3>LAMB\u0130R\u0130 PERVAZ<\/h3>\n<p>\t\t\t\t\t<\/span><br \/>\n\t\t\t\t\t<img loading=\"lazy\" decoding=\"async\" src=\"http:\/\/kartekaksesuar.com\/product\/lambiri-pervaz.png\" width=\"250\" height=\"300\" border=\"0\" \/><br \/>\n\t\t\t\t<\/a>\n\t\t\t<\/div>\n<div class=\"zoom-container\">\n\t\t\t\t<a href=\"\/index.php\/kupeste-aksesuarlari\"><br \/>\n\t\t\t\t\t<span class=\"zoom-caption\"><\/p>\n<h3>K\u00dcPE\u015eTE AKSESUARLARI<\/h3>\n<p>\t\t\t\t\t<\/span><br \/>\n\t\t\t\t\t<img loading=\"lazy\" decoding=\"async\" src=\"http:\/\/kartekaksesuar.com\/product\/kupeste_aksesuar.jpg\" width=\"250\" height=\"300\" border=\"0\" \/><br \/>\n\t\t\t\t<\/a>\n\t\t\t<\/div>\n<div class=\"zoom-container\">\n\t\t\t\t<a href=\"\/index.php\/surme-aksesuarlari\"><br \/>\n\t\t\t\t\t<span class=\"zoom-caption\"><\/p>\n<h3>S\u00dcRME AKSESUARLARI<\/h3>\n<p>\t\t\t\t\t<\/span><br \/>\n\t\t\t\t\t<img loading=\"lazy\" decoding=\"async\" src=\"http:\/\/kartekaksesuar.com\/product\/surme_aksesuar.jpg\" width=\"250\" height=\"300\" border=\"0\" \/><br \/>\n\t\t\t\t<\/a>\n\t\t\t<\/div>\n<div class=\"zoom-container\">\n\t\t\t\t<a href=\"\/index.php\/kilit-ve-bareller\"><br \/>\n\t\t\t\t\t<span class=\"zoom-caption\"><\/p>\n<h3>K\u0130L\u0130T VE BARELLER<\/h3>\n<p>\t\t\t\t\t<\/span><br \/>\n\t\t\t\t\t<img loading=\"lazy\" decoding=\"async\" src=\"http:\/\/kartekaksesuar.com\/product\/kilit.jpg\" width=\"250\" height=\"300\" border=\"0\" \/><br \/>\n\t\t\t\t<\/a>\n\t\t\t<\/div>\n<div class=\"zoom-container\">\n\t\t\t\t<a href=\"\/index.php\/ispanyolet-karsiliklari\"><br \/>\n\t\t\t\t\t<span class=\"zoom-caption\"><\/p>\n<h3>\u0130SPANYOLET KAR\u015eILIKLARI<\/h3>\n<p>\t\t\t\t\t<\/span><br \/>\n\t\t\t\t\t<img loading=\"lazy\" decoding=\"async\" src=\"http:\/\/kartekaksesuar.com\/product\/ispanyolet_karsilik.jpg\" width=\"250\" height=\"300\" border=\"0\" \/><br \/>\n\t\t\t\t<\/a>\n\t\t\t<\/div>\n<div class=\"zoom-container\">\n\t\t\t\t<a href=\"\/index.php\/orta-kayit-baglanti-takozlari\"><br \/>\n\t\t\t\t\t<span class=\"zoom-caption\"><\/p>\n<h3>ORTA KAYIT BA\u011eLANTI TAKOZLARI<\/h3>\n<p>\t\t\t\t\t<\/span><br \/>\n\t\t\t\t\t<img loading=\"lazy\" decoding=\"async\" src=\"http:\/\/kartekaksesuar.com\/product\/baglanti_takoz.jpg\" width=\"250\" height=\"300\" border=\"0\" \/><br \/>\n\t\t\t\t<\/a>\n\t\t\t<\/div>\n<div class=\"zoom-container\">\n\t\t\t\t<a href=\"\/index.php\/sineklik-malzemeleri\"><br \/>\n\t\t\t\t\t<span class=\"zoom-caption\"><\/p>\n<h3>S\u0130NEKL\u0130K MALZEMELER\u0130<\/h3>\n<p>\t\t\t\t\t<\/span><br \/>\n\t\t\t\t\t<img loading=\"lazy\" decoding=\"async\" src=\"http:\/\/kartekaksesuar.com\/product\/sinek.jpg\" width=\"250\" height=\"300\" border=\"0\" \/><br \/>\n\t\t\t\t<\/a>\n\t\t\t<\/div>\n<div class=\"zoom-container\">\n\t\t\t\t<a href=\"\/index.php\/menfezler\"><br \/>\n\t\t\t\t\t<span class=\"zoom-caption\"><\/p>\n<h3>MENFEZLER<\/h3>\n<p>\t\t\t\t\t<\/span><br \/>\n\t\t\t\t\t<img loading=\"lazy\" decoding=\"async\" src=\"http:\/\/kartekaksesuar.com\/product\/menfez.jpg\" width=\"250\" height=\"300\" border=\"0\" \/><br \/>\n\t\t\t\t<\/a>\n\t\t\t<\/div>\n<div class=\"zoom-container\">\n\t\t\t\t<a href=\"\/index.php\/cift-acilim-sistemleri\"><br \/>\n\t\t\t\t\t<span class=\"zoom-caption\"><\/p>\n<h3>\u00c7\u0130FT A\u00c7ILIM S\u0130STEMLER\u0130<\/h3>\n<p>\t\t\t\t\t<\/span><br \/>\n\t\t\t\t\t<img loading=\"lazy\" decoding=\"async\" src=\"http:\/\/kartekaksesuar.com\/product\/ciftacilim.jpg\" width=\"250\" height=\"300\" border=\"0\" \/><br \/>\n\t\t\t\t<\/a>\n\t\t\t<\/div>\n<div class=\"zoom-container\">\n\t\t\t\t<a href=\"\/index.php\/cam-takozlari-tapa-ve-plastik-malzemeler\"><br \/>\n\t\t\t\t\t<span class=\"zoom-caption\"><\/p>\n<h3>CAM TAKOZLARI, TAPA VE PLAST\u0130K MALZEMELER<\/h3>\n<p>\t\t\t\t\t<\/span><br \/>\n\t\t\t\t\t<img loading=\"lazy\" decoding=\"async\" src=\"http:\/\/kartekaksesuar.com\/product\/cam_tk.jpg\" width=\"250\" height=\"300\" border=\"0\" \/><br \/>\n\t\t\t\t<\/a>\n\t\t\t<\/div>\n<div class=\"zoom-container\">\n\t\t\t\t<a href=\"\/index.php\/aluminyum-aksesuarlari\"><br \/>\n\t\t\t\t\t<span class=\"zoom-caption\"><\/p>\n<h3>AL\u00dcM\u0130NYUM AKSESUARLARI<\/h3>\n<p>\t\t\t\t\t<\/span><br \/>\n\t\t\t\t\t<img loading=\"lazy\" decoding=\"async\" src=\"http:\/\/kartekaksesuar.com\/product\/bos.png\" width=\"250\" height=\"300\" border=\"0\" \/><br \/>\n\t\t\t\t<\/a>\n\t\t\t<\/div>\n<div class=\"zoom-container\">\n\t\t\t\t<a href=\"\/index.php\/panjur-sistemleri\"><br \/>\n\t\t\t\t\t<span class=\"zoom-caption\"><\/p>\n<h3>PANJUR S\u0130STEMLER\u0130<\/h3>\n<p>\t\t\t\t\t<\/span><br \/>\n\t\t\t\t\t<img loading=\"lazy\" decoding=\"async\" src=\"http:\/\/kartekaksesuar.com\/product\/bos.png\" width=\"250\" height=\"300\" border=\"0\" \/><br \/>\n\t\t\t\t<\/a>\n\t\t\t<\/div>\n<\/p><\/div>\n<p>\t\t<!--\/.image-zoom-container--><\/p><\/div>\n<p>\t<!--\/.container-->\n<\/div>\n<p><!--\/.wrapper--><\/p>\n<p><script src=\"http:\/\/ajax.googleapis.com\/ajax\/libs\/jquery\/1.10.2\/jquery.min.js\" type=\"text\/javascript\"><\/script><\/p>\n<p><\/body><br \/>\n<\/html><\/p>\n","protected":false},"excerpt":{"rendered":"<p>V\u0130DALAR KOLLAR MENTE\u015eELER \u0130SPANYOLETLER \u0130ZOLASYON MALZEMELER\u0130 LAMB\u0130R\u0130 PERVAZ K\u00dcPE\u015eTE AKSESUARLARI S\u00dcRME AKSESUARLARI K\u0130L\u0130T VE BARELLER \u0130SPANYOLET KAR\u015eILIKLARI ORTA KAYIT BA\u011eLANTI TAKOZLARI S\u0130NEKL\u0130K MALZEMELER\u0130 MENFEZLER \u00c7\u0130FT A\u00c7ILIM S\u0130STEMLER\u0130 CAM TAKOZLARI, TAPA VE PLAST\u0130K MALZEMELER AL\u00dcM\u0130NYUM AKSESUARLARI PANJUR S\u0130STEMLER\u0130<\/p>\n","protected":false},"author":1,"featured_media":0,"parent":0,"menu_order":0,"comment_status":"closed","ping_status":"closed","template":"urunler.php","meta":{"footnotes":""},"class_list":["post-218","page","type-page","status-publish","hentry"],"_links":{"self":[{"href":"https:\/\/kartekaksesuar.com\/index.php\/wp-json\/wp\/v2\/pages\/218","targetHints":{"allow":["GET"]}}],"collection":[{"href":"https:\/\/kartekaksesuar.com\/index.php\/wp-json\/wp\/v2\/pages"}],"about":[{"href":"https:\/\/kartekaksesuar.com\/index.php\/wp-json\/wp\/v2\/types\/page"}],"author":[{"embeddable":true,"href":"https:\/\/kartekaksesuar.com\/index.php\/wp-json\/wp\/v2\/users\/1"}],"replies":[{"embeddable":true,"href":"https:\/\/kartekaksesuar.com\/index.php\/wp-json\/wp\/v2\/comments?post=218"}],"version-history":[{"count":36,"href":"https:\/\/kartekaksesuar.com\/index.php\/wp-json\/wp\/v2\/pages\/218\/revisions"}],"predecessor-version":[{"id":289,"href":"https:\/\/kartekaksesuar.com\/index.php\/wp-json\/wp\/v2\/pages\/218\/revisions\/289"}],"wp:attachment":[{"href":"https:\/\/kartekaksesuar.com\/index.php\/wp-json\/wp\/v2\/media?parent=218"}],"curies":[{"name":"wp","href":"https:\/\/api.w.org\/{rel}","templated":true}]}}